v and 330?
33
Suppose -22*t = -31*t + 72. Calculate the greatest common divisor of 2056 and t.
8
Suppose 3*d - 24 = -3*c, -2*c - 20 = -2*d - 0*d. Let m(o) = 3*o**2 - 1. Let q be m(1). Suppose 343 - 145 = q*f. Calculate the highest common divisor of f and d.
9
Suppose 29*y = -4*y + 13662. Calculate the greatest common factor of 92 and y.
46
Let z(l) = -6*l - 15. Let g be z(7). Let s = 76 + g. Let y = -120 - -272. What is the highest common divisor of s and y?
19
Suppose 3*p + 8*p = 99. Calculate the greatest common divisor of p and 27.
9
Suppose 2*d - 4*f - 220 = 0, d + 4*f - 27 = 89. What is the greatest common divisor of d and 7?
7
Suppose 5*c + 0 = 15. Suppose c*x + 22 = -4*i + 91, -2*i = 4*x - 42. Calculate the highest common factor of 6 and i.
3
Let i = 0 + 8. Suppose -m - i = -5*m. Suppose -36 = -27*x + 25*x. Calculate the greatest common divisor of x and m.
2
Let u = -152 - -268. Let r = u - 83. Let x be ((-165)/(-10))/(1/10). Calculate the highest common factor of r and x.
33
Suppose j + 10 = -0*j. Let h be 8/j*(-9170)/28. Let y be (-2)/(-8) + h/8. Calculate the greatest common factor of 22 and y.
11
Suppose 7 = -3*f - 4*w, 4*f + 2*w + 2 - 6 = 0. Let n(k) = -f - 81*k - 3 + 9. Let u be n(-2). What is the greatest common factor of 15 and u?
15
Suppose 20 = 5*q - 5. Suppose -396 - 229 = -q*d. Calculate the highest common factor of 25 and d.
25
Let y(l) = -8*l**2 - 12*l**2 - 10*l**2 - 13 + 2*l + 31*l**2. Let u be y(-9). What is the highest common divisor of 20 and u?
10
Suppose 5*c - 50 = s, 2*c + 13 = s + 30. Calculate the highest common divisor of 1177 and c.
11
Suppose 3*a = f - 2009, -4*f = 3*a - 10679 + 2568. Calculate the highest common factor of 88 and f.
88
Let o(t) = t**3 + 43*t**2 + 43*t + 69. Let s be o(-42). Calculate the highest common factor of 126 and s.
9
Suppose 0 = 4*i - p - 70 - 120, 3*i - 134 = 5*p. Suppose -c - 2*u - 14 = -2*c, -2*c + 2*u = -20. Calculate the greatest common divisor of i and c.
6
Let q = 3 + 557. Suppose -q = -2*p - 3*p. Let s = 10228 - 10214. What is the greatest common factor of s and p?
14
Let s be (-1 + (-9)/(-6))/((-5)/(-570)). Calculate the highest common factor of s and 152.
19
Let u(s) = -2*s**3 - 2*s**2 - 49. Let o be u(-7). What is the greatest common factor of 98 and o?
49
Suppose 28842 + 76095 = 19*f. Calculate the highest common divisor of 21 and f.
21
Suppose 31*o = -1637 + 6597. Calculate the greatest common divisor of o and 10.
10
Suppose 55 = 27*l - 22*l. Let y = l + -8. What is the greatest common factor of y and 2?
1
Let w(c) = c**3 + 5*c**2 + 5*c + 6. Let a be w(-4). Suppose -7*o + 135 = -a*o. Let t = o - 14. Calculate the greatest common divisor of 104 and t.
13
Suppose 0 = -6*a + 1748 + 3148. Calculate the greatest common factor of 16 and a.
16
Suppose -5*y - 154 = -179. Let c = 19 - -6. What is the highest common divisor of y and c?
5
Let v = 41 + -37. Suppose a - 2*a = -3*l + 14, -v*l + 3*a = -17. Calculate the highest common divisor of l and 2.
1
Let c(j) = 5*j - 160. Let l be c(33). Calculate the greatest common factor of l and 45.
5
Let u(a) = -10*a - 5. Let z be u(-8). Let v = -84 - -89. Suppose v*k - 57 - 18 = 0. What is the highest common divisor of k and z?
15
Suppose 20*t = -7*t + 8910. What is the highest common divisor of 60 and t?
30
Let f be -1*7*(-12)/12. What is the greatest common divisor of 7 and f?
7
Let v = -696 + 1213. What is the greatest common factor of v and 11?
11
Let y(s) = -s**3 - 6*s**2 - 6*s. Let f be y(-5). Let l be (-2)/9 + 8/36. Let j = f - l. What is the greatest common divisor of j and 20?
5
Let z = -301 + 706. Calculate the greatest common divisor of 27 and z.
27
Let g be -5 - ((-5 - -3) + 0). Let l(t) = -3*t**3 - 7*t**2 + t + 7. Let n be l(g). Calculate the highest common divisor of n and 2.
2
Suppose 0 = 28*s - 166 + 54. Calculate the highest common divisor of 62 and s.
2
Let g be 8/(-5)*(-160)/8. Let y be (g + -4)*(-1)/(-2). Suppose 0*h = 2*h - y. Calculate the highest common factor of h and 63.
7
Suppose 0 = n + 2, -330 = -29*g + 28*g - 5*n. Calculate the highest common factor of 140 and g.
20
Let t(z) = z**3 - 16*z + 31. Let v be t(2). Suppose -r = -4*r. Suppose -2*b + 126 = -r*b. What is the highest common divisor of v and b?
7
Let t = 370 + -356. Calculate the highest common divisor of t and 154.
14
Suppose -2*n - 5*x + 5 = 0, 2*x - 3*x + 1 = -4*n. Let k be (-3 + 1 - -1)*n. Let h = k + 10. What is the highest common divisor of 110 and h?
10
Let g(f) = 5*f**2 - 36*f + 175. Let o be g(5). What is the highest common factor of o and 48?
24
Let p(z) = -6*z**2 - 7. Let l be p(-3). Let v = l + 96. What is the greatest common divisor of v and 14?
7
Let z(t) = -10*t**3 - 5*t**2 + 5*t + 15. Let c be z(-3). What is the highest common factor of 9 and c?
9
Suppose -2*f - 3*r - 2*r = -5, 0 = -4*r - 12. Let w(v) = 3*v**3 - 14*v**2 - 12*v - 22. Let l be w(6). Calculate the greatest common divisor of f and l.
10
Suppose 796 - 916 = -5*i. Let b = -32 - -9. Let u = b + i. Calculate the highest common factor of u and 2.
1
Let x(d) = d + 7*d - 6 + 2*d**2 + 3*d**2 - d. Let p be x(1). Calculate the highest common divisor of p and 54.
6
Suppose -4*b = -5*b. Suppose 5*k = -a + 1, 4*k - a = -b + 8. Let i be (k + 0)*9 - -1. What is the greatest common divisor of 50 and i?
10
Suppose -4*o + 0*o = 24. Let c(q) = -q - 2. Let n be c(o). What is the highest common divisor of 10 and n?
2
Let h be (-8)/(-10)*(-10)/(-4) + -1. Let c be 0 + 3/(9/21). Calculate the highest common factor of h and c.
1
Let t be 25*42/5 - -6. Calculate the greatest common factor of 16 and t.
8
Let d be 56/4 + (-3)/(-3). Suppose 398 = 3*p - 52. Let i be (-1 - -5)*p/8. What is the highest common factor of d and i?
15
Let v(t) be the first derivative of 19*t**3/3 - t**2/2 - 3*t - 5. Let y be v(-2). Calculate the highest common divisor of 30 and y.
15
Suppose 11*a - 12*a + 4 = 0. Suppose -42 = 9*l - 12*l. Let y = l + a. What is the highest common divisor of y and 12?
6
Let l be -7 - -4 - (-1 + -32). What is the highest common divisor of l and 1830?
30
Let t(j) = -7*j**2 - 22*j + 22. Let w(x) = 15*x**2 + 45*x - 45. Let c(r) = -13*t(r) - 6*w(r). Let s be c(-17). Calculate the greatest common divisor of s and 5.
1
Suppose 5*l = 3*j + 26, 0*l + 2*j + 15 = 3*l. Suppose 126*z - 2009 = 85*z. What is the greatest common factor of z and l?
7
Let g(j) = 23*j**2 - 13*j. Let p be g(2). Calculate the highest common divisor of p and 462.
66
Suppose d + 3*d = 4*x - 4, 4*d = 8. Suppose f + 13 = r - f, 3*f - 9 = 0. Suppose 0 = -5*b + y + r, -5 = -2*y - x. What is the highest common divisor of b and 1?
1
Suppose 6*i - 54 = 9*i. Let b = 4 + i. Let j = 22 + b. Calculate the highest common factor of j and 1.
1
Let y be ((-8)/(-6))/(2/6). Suppose -16*i + 2 = -17*i + 4*c, i + c - 3 = 0. Calculate the greatest common divisor of y and i.
2
Suppose 6*z + 186 = 4*j + 4*z, -4*z = j - 69. What is the greatest common factor of 259 and j?
7
Let y = 101 + -73. Suppose v + 0 = 2*z + 7, 4*v - y = z. What is the highest common divisor of v and 63?
7
Let u be 6904/9 - (-56)/(-504). Calculate the highest common factor of u and 13.
13
Let s = -10 - -50. Suppose s*z = 42*z - 160. What is the highest common divisor of z and 10?
10
Let u be -69*(-4)/(-9)*39/(-2). What is the highest common divisor of 230 and u?
46
Suppose 6*t - 2*h = 3*t + 15, 0 = -t - 2*h + 13. Calculate the greatest common divisor of t and 1.
1
Suppose 7*o - 85 = 2*o. Let j be 123*1 - 32/8. What is the greatest common divisor of o and j?
17
Suppose 4*y - 1479 = 1733. What is the greatest common factor of 73 and y?
73
Suppose 45 = -4*u + 189. Suppose 3 = 3*i, i = -a + 5*i + 8. Calculate the greatest common divisor of u and a.
12
Suppose 0 = f + 1, 6*d - f + 95 = 10*d. Calculate the greatest common factor of d and 768.
24
Let j be ((-4)/8 - 4)*-2. Suppose -j = -2*a - a. What is the highest common factor of a and 6?
3
Let l(w) = 2. Let j(k) = -k**2 - 26*k + 39. Let x(b) = j(b) - 4*l(b). Let t be x(-27). Calculate the highest common factor of t and 2.
2
Suppose -5*u = 5*c - 55, 3*c + c = -3*u + 44. Let a be ((-34)/51)/((-1)/78). Let q = 107 - a. What is the highest common divisor of q and c?
11
Let a(f) = -f + 1. Let k be a(-3). Suppose i + 3*i = 5*c + 23, 4*c = k*i - 20